, 3, 5, 13, 163, 1553
What are the prime factors of 1863691639?
827, 2253557
List the prime factors of 1762073822.
2, 59, 14932829
What are the prime factors of 338568253?
338568253
List the prime factors of 36124707.
3, 73, 164953
What are the prime factors of 44327226?
2, 3, 7387871
List the prime factors of 1639135770.
2, 3, 5, 53, 367
List the prime factors of 980014418.
2, 617, 619, 1283
List the prime factors of 136571228.
2, 127, 268841
What are the prime factors of 487987202?
2, 243993601
List the prime factors of 2399882234.
2, 37, 271, 119671
List the prime factors of 1491575334.
2, 3, 248595889
What are the prime factors of 6729812?
2, 251, 6703
List the prime factors of 32378406.
2, 3, 97, 55633
List the prime factors of 5469913211.
7, 19, 89, 462103
What are the prime factors of 26834450?
2, 5, 71, 7559
What are the prime factors of 234464457?
3, 971, 80489
What are the prime factors of 8367659?
8367659
List the prime factors of 12272441.
12272441
List the prime factors of 2957077852.
2, 17, 83, 179, 2927
List the prime factors of 513151350.
2, 3, 5, 199, 17191
List the prime factors of 155674842.
2, 3, 29, 181, 4943
List the prime factors of 67977502.
2, 709, 47939
What are the prime factors of 116210397?
3, 53, 409, 1787
What are the prime factors of 113653132?
2, 1493, 19031
List the prime factors of 150359242.
2, 11, 6834511
List the prime factors of 839311592.
2, 7, 751, 2851
List the prime factors of 208823021.
11, 47, 53, 7621
What are the prime factors of 2985560919?
3, 11, 41, 191, 3851
List the prime factors of 70899934.
2, 7, 61, 1361
What are the prime factors of 403154606?
2, 1307, 154229
List the prime factors of 7070647.
1181, 5987
List the prime factors of 67847318.
2, 7, 11, 440567
List the prime factors of 182687176.
2, 7, 211, 15461
What are the prime factors of 5553248300?
2, 5, 2999, 18517
List the prime factors of 156832100.
2, 5, 31, 50591
What are the prime factors of 2478779708?
2, 1297, 477791
List the prime factors of 2220762976.
2, 23, 3017341
What are the prime factors of 117518230?
2, 5, 19, 613, 1009
List the prime factors of 749761016.
2, 93720127
What are the prime factors of 757406386?
2, 11, 19, 43, 42139
What are the prime factors of 162060164?
2, 7, 61, 239, 397
List the prime factors of 1262225504.
2, 71, 555557
List the prime factors of 193773028.
2, 48443257
What are the prime factors of 88613959?
7, 12659137
List the prime factors of 539640479.
7, 11013071
List the prime factors of 25932500.
2, 5, 11, 23, 41
List the prime factors of 659900281.
659900281
What are the prime factors of 2293597243?
7, 2003, 23369
List the prime factors of 443505319.
61, 7270579
What are the prime factors of 2302307647?
37, 62224531
List the prime factors of 399669909.
3, 29, 4593907
What are the prime factors of 1913802887?
29, 31, 79, 26947
List the prime factors of 3288203630.
2, 5, 829, 396647
List the prime factors of 201655923.
3, 7, 59, 23251
What are the prime factors of 2560358?
2, 1280179
List the prime factors of 1152226813.
41, 3709, 7577
What are the prime factors of 2162107077?
3, 13, 4264511
What are the prime factors of 21471589?
21471589
What are the prime factors of 67514254?
2, 33757127
List the prime factors of 176511859.
223, 643, 1231
List the prime factors of 6280099021.
7, 897157003
What are the prime factors of 190615443?
3, 127, 677, 739
List the prime factors of 122888652.
2, 3, 1459, 7019
What are the prime factors of 1475085733?
11, 17, 89, 263, 337
List the prime factors of 291123099.
3, 10782337
List the prime factors of 476538107.
19, 31, 809063
List the prime factors of 3234336471.
3, 359370719
List the prime factors of 1511261899.
7, 215894557
What are the prime factors of 1309493?
17, 77029
List the prime factors of 901513309.
901513309
What are the prime factors of 527783871?
3, 175927957
What are the prime factors of 1695848320?
2, 5, 1129, 2347
What are the prime factors of 10599108?
2, 3, 13, 67943
What are the prime factors of 864038419?
193, 4476883
What are the prime factors of 33035473?
33035473
List the prime factors of 3084349485.
3, 5, 7, 29374757
List the prime factors of 246306355.
5, 4021, 12251
What are the prime factors of 44189403?
3, 14729801
What are the prime factors of 481144477?
11, 1303, 33569
What are the prime factors of 2380813665?
3, 5, 107, 179, 8287
What are the prime factors of 5028636318?
2, 3, 811, 1033423
What are the prime factors of 93199188?
2, 3, 7766599
List the prime factors of 52701850.
2, 5, 139, 7583
What are the prime factors of 208867312?
2, 13054207
List the prime factors of 627878711.
627878711
List the prime factors of 119664973.
119664973
List the prime factors of 303812552.
2, 547, 69427
List the prime factors of 440550037.
440550037
List the prime factors of 508700524.
2, 139, 433, 2113
List the prime factors of 114847924.
2, 23, 1248347
List the prime factors of 63072163.
7, 11, 117017
List the prime factors of 5464054031.
17, 271, 1186033
What are the prime factors of 1669986633?
3, 7, 79523173
What are the prime factors of 429677782?
2, 109, 1970999
What are the prime factors of 16294887?
3, 7, 181, 1429
What are the prime factors of 2066843208?
2, 3, 269, 320143
What are the prime factors of 76210741?
31, 2458411
List the prime factors of 2280363770.
2, 5, 157, 1452461
List the prime factors of 26456990.
2, 5, 7, 29, 13033
What are the prime factors of 281693647?
139, 353, 5741
What are the prime factors of 287020253?
13, 22078481
List the prime factors of 3313682556.
2, 3, 37, 7463249
List the prime factors of 1448490824.
2, 11, 16460123
List the prime factors of 114800904.
2, 3, 79, 20183
What are the prime factors of 46803053?
11, 89, 47807
What are the prime factors of 5259621933?
3, 19, 307, 100189
List the prime factors of 12694189.
17, 53, 73, 193
What are the prime factors of 1564158103?
31, 103, 489871
List the prime factors of 1274490.
2, 3, 5, 7, 17
List the prime factors of 145238288.
2, 13, 698261
What are the prime factors of 1425928812?
2, 3, 7, 11, 449, 491
List the prime factors of 514281455.
5, 19, 5413489
What are the prime factors of 1391934816?
2, 3, 991, 4877
What are the prime factors of 644152035?
3, 5, 42943469
What are the prime factors of 11674346?
2, 5837173
What are the prime factors of 202563286?
2, 271, 337, 1109
List the prime factors of 27483660.
2, 3, 5, 179, 853
List the prime factors of 313776931.
13, 113, 213599
List the prime factors of 10573165.
5, 157, 13469
What are the prime factors of 807310152?
2, 3, 11, 19, 1987
List the prime factors of 247997228.
2, 6653, 9319
What are the prime factors of 91603517?
47, 61, 89, 359
List the prime factors of 911331481.
911331481
List the prime factors of 13318044.
2, 3, 137, 8101
What are the prime factors of 921330944?
2, 3598949
List the prime factors of 75479722.
2, 37739861
List the prime factors of 588832951.
7, 149, 80651
What are the prime factors of 260614725?
3, 5, 7, 23, 113, 191
List the prime factors of 397011644.
2, 283, 467, 751
List the prime factors of 84824449.
29, 41, 71341
List the prime factors of 214652716.
2, 53663179
List the prime factors of 218272603.
53, 419, 9829
What are the prime factors of 656206398?
2, 3, 36455911
What are the prime factors of 58466678?
2, 101, 289439
List the prime factors of 3984347299.
137, 233, 124819
What are the prime factors of 110323662?
2, 3, 18387277
List the prime factors of 1026701437.
1026701437
List the prime factors of 1955502788.
2, 488875697
What are the prime factors of 21088572?
2, 3, 443, 3967
List the prime factors of 1004373873.
3, 397, 401, 701
List the prime factors of 2035041045.
3, 5, 135669403
List the prime factors of 145489337.
7, 4463, 4657
List the prime factors of 156395893.
156395893
List the prime factors of 1305458215.
5, 3343, 78101
List the prime factors of 47850888.
2, 3, 47, 59, 719
What are the prime factors of 2912051156?
2, 7, 104001827
List the prime factors of 128548989.
3, 37, 83, 4651
List the prime factors of 1129920180.
2, 3, 5, 18832003
List the prime factors of 94984820.
2, 5, 7, 678463
List the prime factors of 1703119702.
2, 53, 443, 36269
List the prime factors of 187791111.
3, 41, 508919
What are the prime factors of 581392410?
2, 3, 5, 131